site?
True
Suppose 7*p - 39 + 11 = 0. Suppose -5*d + p*d = 36. Let a = d + 50. Is a composite?
True
Let q(y) = -y**2 + 2*y + 6. Let l be q(3). Suppose 0 = 2*c + c + 2*t - 283, -5*c + l*t = -440. Is c a prime number?
False
Suppose -6 + 10 = 2*c. Is 1*(-3 - -3494) + c prime?
False
Let i = 17 - 12. Suppose i*g - 10 = -0*g. Suppose 0 = 4*q + 3*o - 325, 2*q = -g*q + o + 313. Is q a composite number?
False
Is 0 + ((-1)/(3/(-119130)) - 1) a prime number?
True
Suppose 365*c + 30568 = 373*c. Is c a composite number?
False
Let n(a) = -a**2 - 48*a + 90. Is n(-19) a composite number?
False
Let a(o) = 1556*o - 491. Is a(8) composite?
True
Let c(v) = v - 12 - 10*v**2 + 21*v**3 + 2*v + 2. Is c(4) a prime number?
False
Suppose -3*g + 0*g = 9. Let v be 6/(-2) - g/1. Suppose z + 3 = v, -z + 2*z = 2*j - 241. Is j composite?
True
Let p be 0 + 0 + 2 - (3 + -1). Suppose s - 2*l + 298 = 791, p = -5*s + 5*l + 2475. Is s a prime number?
False
Suppose 4*r + 2842 + 10718 = 0. Is ((80/(-12))/(-10))/((-4)/r) a composite number?
True
Let d(a) = -a**2 + 1. Let i(r) = 5*r**3 - r**2 - 3. Let t(v) = 2*d(v) + i(v). Is t(7) a prime number?
True
Let z be -1 + 0 - (-30)/(-5). Let p(r) = -r. Let j(x) = 5*x + 1. Let s(k) = -j(k) - 4*p(k). Is s(z) a prime number?
False
Let t(y) = 68*y**2 - 15*y + 13. Is t(6) prime?
True
Suppose 10*i = 8359 + 2791. Suppose i = -4*w + 9*w. Is w composite?
False
Let j(p) = 8267*p**2 + 10*p + 10. Is j(-1) a prime number?
False
Suppose 12*x - 1359 - 7833 = 0. Is x a prime number?
False
Let h(q) = q**2 + 2*q - 8. Let b be h(-6). Suppose -15*s + b = -11*s. Suppose -l = -s*z + 869 - 103, -2 = l. Is z a composite number?
False
Let g be 171 - -2 - (-2 + 6). Suppose -2*k = k - 321. Let b = g - k. Is b a composite number?
True
Suppose -100 = f + 784. Let g(l) = -l**3 + l**2 - 2*l - 29. Let o be g(7). Let k = o - f. Is k prime?
True
Suppose 0 = 9*h - 35557 - 21944. Is h a prime number?
True
Let o = -47 + 45. Let v be (5/(-4))/((-9)/36). Is (v - 3)/(o/(-789)) a composite number?
True
Let z be ((-12)/3 - -1) + 3. Is (z - 0) + (-17 - -202) prime?
False
Let a(h) = h**2 + 3*h + 6. Let c be a(-2). Suppose 358 = c*b + 5*x, 440 = 4*b + 2*x + 88. Is b a prime number?
False
Let w(j) = -j**3 + 5*j**2 + 2*j + 5. Let k be w(5). Is 1659/45 + 2/k a prime number?
True
Suppose -31397 = -5*s + 4*j, -12*j + 16*j + 18835 = 3*s. Is s a composite number?
True
Suppose 0 = -6*z + 10*z - 24. Let n(g) = 2*g**2 + 8*g - 5. Is n(z) a prime number?
False
Let y(w) = -9*w - 5. Suppose -v + 7 = -2*v. Let x be y(v). Is (-2)/(-1) + (x - 5) composite?
True
Let l(b) = b**3 - 12*b**2 + 11*b + 4. Let n be l(11). Suppose 2*d - w - 33 = 0, -w - 63 = -n*d + 4*w. Let m = d - 10. Is m a prime number?
True
Let l = -121 + -69. Let b = 324 + l. Is b a prime number?
False
Suppose 2*t - 9*t = -42. Suppose -13 = -3*l - h, -t*l + 2*h + 18 = -l. Suppose s + 158 = 3*q, 269 = 2*q + 3*q + l*s. Is q composite?
False
Suppose s = -3*p + 1841, 3382 = 3*s - p - 2161. Is s prime?
True
Suppose -3434 = -s - s. Is s a prime number?
False
Let t(r) = 106*r**2 + 7*r + 23. Is t(-4) prime?
False
Is -3*((-11897)/3 + (-4 - -2)) composite?
False
Suppose 5*i - 2462 = 1338. Suppose -396 - i = -4*x. Is x composite?
True
Suppose 5*y - 15922 = 3*b, 0 = 3*b - 4*b + 1. Suppose -3*t + 1064 = w, 2*w - 2*t = 5*w - y. Is w composite?
False
Let f(x) = 4*x + 62. Let k be f(0). Suppose 3*m - 78 = -3*d, d - 4*m + 11 - k = 0. Is d a composite number?
False
Let k(n) = n**2 + 9*n + 7. Let m be k(-7). Let b = m + 16. Is (222/b)/(8/12) a composite number?
False
Suppose 0*c - 3*c + 6 = 0. Suppose c*m + 193 + 235 = 4*a, 5*a - 5*m - 540 = 0. Is (77/11)/(2/a) composite?
True
Let j(h) = -h**2 - 4*h + 49. Let x be j(-9). Is ((-3907)/2)/(x - 54/12) prime?
True
Let z be (-1052)/(-8)*(2 + 0). Let i = 11 - -15. Suppose 0 = -3*s - i + z. Is s a prime number?
True
Suppose -1599 = -2*f + f. Suppose -8*z + 6055 = f. Is z a composite number?
False
Suppose 5*f = 7*p - 2*p - 391260, 0 = p - 5*f - 78264. Is p composite?
True
Suppose 871 = -9*t + 14650. Suppose -5*b - 4*l + 1915 = 0, -4*l = 4*b - l - t. Is b a composite number?
False
Let t be 2 - (-3)/(6 + -3). Suppose -15 = -t*z, 3*z = -5*o + 1335 + 1930. Let m = o - 27. Is m prime?
False
Let o(a) = -a + 22. Let c be o(0). Let h(u) = -u + c - 4*u - 16*u. Is h(-17) a composite number?
False
Let a = 49 + -28. Let o be (a/(-9))/7*-15. Suppose -o*c + 4*h + 259 = 0, 5*c - h - 214 = 57. Is c a composite number?
True
Suppose -f + 3*f - 24 = 0. Let w be 34/8 + (-3)/f. Suppose w*c = -0*c + 220. Is c composite?
True
Suppose 376 + 1884 = -10*z. Let n = -284 - -185. Let m = n - z. Is m composite?
False
Suppose -9*t + 104161 = -86738. Is t composite?
False
Suppose 0 = -3*z - 4*r - r + 4438, 5*z - 7375 = -4*r. Is z prime?
True
Let x = 7 - 3. Suppose -5*b + 865 = -x*b. Is b composite?
True
Let u(c) = -2*c + 2. Let p be u(0). Suppose p*t - 184 = -5*n, t + n + 50 = 145. Is t a composite number?
False
Let h be 1/(-3) - (-200)/24. Let c be (132/h)/(-3)*34. Let r = -94 - c. Is r composite?
True
Suppose -2*q + 7*q - 790 = -2*d, 5*d + 185 = q. Let w = q - -147. Is w a prime number?
True
Let h(d) = 5*d**2 - 30*d + 38. Let r be h(24). Suppose 0 = 9*z + 5*z - r. Is z prime?
True
Suppose 11*j - 2 = 10*j. Suppose j*u - 999 - 6319 = 0. Is u a composite number?
False
Suppose -2*a - 4613 - 197 = 0. Let v = a - -3522. Is v a composite number?
False
Let q(d) = 68*d**2 + 5*d + 44. Is q(-13) prime?
True
Is 3/(-3)*5/((-20)/22492) a composite number?
False
Let b(r) = 10*r**3 - 9*r**2 + 5*r + 5. Is b(6) a prime number?
True
Suppose 0 = -12*d + 7*d + 11665. Is d a composite number?
False
Let x(z) = z**3 + 4*z**2 + z - 1. Let u be x(-3). Suppose 5*n + 7*v - 2*v = 6910, -n + u*v + 1376 = 0. Is n a prime number?
True
Suppose 0 = -15*i + 73955 + 15130. Is i composite?
False
Let j = 82 + -127. Let r be (246/21)/((-25)/(-175)). Let z = j + r. Is z composite?
False
Let p(k) = -1335*k - 407. Is p(-22) a prime number?
False
Let t(f) = 4*f**3 + f - 1. Let z be t(1). Let k be z/4*137*6. Suppose 2*p = -2*u + k, 2*u + u + p - 1229 = 0. Is u prime?
True
Let j = 7 - 6. Suppose j = -z + 4. Is (-6)/z*447/(-6) a composite number?
False
Let x be (-1 + 34/(-2))*4. Let v = x - -818. Let r = v - 489. Is r composite?
False
Suppose d + 2*n = 2*d - 805, -2*n - 3250 = -4*d. Is d prime?
False
Suppose 4*g = -5*z + 21, -10 = -z - 2*z - 5*g. Suppose -o + t + 167 = -0*t, z*t = o - 159. Is o a prime number?
False
Let i(v) = 3934*v**2 - 8*v - 1. Is i(-1) a prime number?
False
Suppose 37587 = -0*u + 3*u - 3*m, 5*m = 10. Is u a composite number?
True
Suppose 0 = 2*i - 0*d + d - 12, -4*i + 4*d = 0. Suppose -i*n - 1650 = -2*s, -678 - 145 = -s + n. Is s prime?
True
Let y = 18 + -4. Suppose -y*c + 2411 = -13*c. Is c a prime number?
True
Let j(x) = 1126*x - 2. Let n be j(1). Suppose n = 5*d - 3*a - 0*a, d - 3*a = 232. Is d a prime number?
True
Let x = -177 + -11. Let q = 333 + x. Is q a prime number?
False
Let z = -5347 + 10208. Is z prime?
True
Let g(m) = -4*m - 2. Let r be g(-1). Is (0 + (-31)/4)/(r/(-88)) a composite number?
True
Is (7/21*33333)/(6 + -5) a prime number?
False
Suppose -49487 = -38*h - 3*h. Is h prime?
False
Let u(l) = -l**2 - l. Let m be u(-5). Let n be (-5)/m - (-3437)/(-4). Let d = -360 - n. Is d a composite number?
False
Suppose 31*g - 314089 = -28548. Is g composite?
True
Suppose 10*l - 13 = 17. Let p = 35 - -119. Suppose -f + l*f = p. Is f a prime number?
False
Let o be (-4 + 1/4)*4. Is (-2)/6 - 4550/o prime?
False
Is 37956/(-8)*(4/(-6) + 0) a composite number?
False
Suppose -2*z + 0*z - 14 = -5*a, 6 = 2*z. Suppose -p = p - a*m - 306, -m + 2 = 0. Is p composite?
False
Suppose 0 = 2*a + 4*h - 12, 0*h = -3*a + h - 3. Suppose -2*b + a = 2. Is 382/(-6)*(b + -2) prime?
True
Suppose 3*q + 33915 = 3*m - 0*q, 5*q - 56565 = -5*m. Is m prime?
False
Let s(k) = -677*k - 164. Is s(-6) prime?
False
Let l = -2525 + 3964. Is l a composite number?
False
Suppose 0 = -d + 2*j - 3, -2*j - 15 = 5*d - j. Is 3 - 3 - 7401/(d*1) prime?
True
Let s = -9 - -11. Let p(b) = -16*b**2 - 35*b + 54. Let q(t) = -3*t**2 - 7*t + 11. Let g(m) = s*p(m) - 11*q(m). Is g(7) a prime number?
False
Let q = 1085 - 738. Let b = 199 + -343. Let r = q + b. Is r composite?
True
Let t(c) = -1152*c + 124. Let r(b) = 288